512.
488
Calculate the remainder when 65617265 is divided by 274.
19
What is the remainder when 318085 is divided by 1149?
961
Calculate the remainder when 322290 is divided by 159185.
3920
What is the remainder when 4760534 is divided by 3550?
3534
Calculate the remainder when 947708 is divided by 173.
14
What is the remainder when 1632479 is divided by 4011?
2
Calculate the remainder when 70391 is divided by 4389.
167
Calculate the remainder when 553519328 is divided by 5511.
5510
Calculate the remainder when 863796 is divided by 1021.
30
What is the remainder when 2104513 is divided by 15?
13
What is the remainder when 2716811 is divided by 246982?
9
What is the remainder when 202649 is divided by 6?
5
What is the remainder when 24633310 is divided by 677?
665
Calculate the remainder when 134294621 is divided by 27.
23
Calculate the remainder when 4803073 is divided by 1888.
1
What is the remainder when 51631582 is divided by 369?
364
What is the remainder when 17953171 is divided by 43?
26
Calculate the remainder when 31306888 is divided by 329546.
18
What is the remainder when 149393 is divided by 149389?
4
What is the remainder when 7458560 is divided by 1089?
1088
What is the remainder when 25835551 is divided by 1920?
31
What is the remainder when 104252 is divided by 343?
323
Calculate the remainder when 81497 is divided by 1773.
1712
Calculate the remainder when 18116538 is divided by 284.
178
What is the remainder when 2974538 is divided by 221?
99
What is the remainder when 106732 is divided by 103404?
3328
Calculate the remainder when 7705269 is divided by 94.
89
What is the remainder when 14089414 is divided by 828789?
1
Calculate the remainder when 11130609 is divided by 26067.
0
What is the remainder when 7517970 is divided by 2455?
760
What is the remainder when 463556 is divided by 3010?
16
What is the remainder when 407025 is divided by 19?
7
Calculate the remainder when 113933171 is divided by 1597.
1594
Calculate the remainder when 423582 is divided by 73.
36
What is the remainder when 364775 is divided by 2466?
2273
What is the remainder when 9694245 is divided by 4847072?
101
What is the remainder when 20030 is divided by 2230?
2190
Calculate the remainder when 14162539 is divided by 71890.
209
What is the remainder when 157989 is divided by 17554?
3
Calculate the remainder when 234581958 is divided by 2780.
2778
What is the remainder when 6278632 is divided by 1255682?
222
Calculate the remainder when 209769 is divided by 594.
87
What is the remainder when 4147390 is divided by 199?
31
What is the remainder when 3856 is divided by 24?
16
Calculate the remainder when 16056082 is divided by 17.
7
Calculate the remainder when 4795594 is divided by 81.
70
What is the remainder when 338073 is divided by 338026?
47
Calculate the remainder when 3368923 is divided by 713.
711
Calculate the remainder when 351639 is divided by 86.
71
Calculate the remainder when 4666991 is divided by 316.
303
What is the remainder when 345935 is divided by 345729?
206
What is the remainder when 412335 is divided by 952?
119
Calculate the remainder when 315130 is divided by 4999.
193
What is the remainder when 22072686 is divided by 2259?
2256
Calculate the remainder when 2510812 is divided by 836909.
85
Calculate the remainder when 282875 is divided by 14143.
15
What is the remainder when 240590680 is divided by 312?
304
Calculate the remainder when 55874 is divided by 285.
14
What is the remainder when 2148570 is divided by 7?
4
Calculate the remainder when 1449900 is divided by 724678.
544
Calculate the remainder when 15289431 is divided by 43.
7
What is the remainder when 36929496 is divided by 149?
144
Calculate the remainder when 190348 is divided by 6339.
178
What is the remainder when 311796 is divided by 3953?
3462
Calculate the remainder when 169734 is divided by 562.
10
What is the remainder when 2169674 is divided by 27464?
18
What is the remainder when 334505 is divided by 978?
29
Calculate the remainder when 59506 is divided by 14789.
350
What is the remainder when 6801636 is divided by 67?
64
Calculate the remainder when 5380598 is divided by 39563.
30
What is the remainder when 368524 is divided by 2506?
142
Calculate the remainder when 5798224 is divided by 289910.
24
Calculate the remainder when 81492 is divided by 6256.
164
What is the remainder when 12319875 is divided by 99?
18
What is the remainder when 397935 is divided by 397740?
195
What is the remainder when 282833 is divided by 47137?
11
What is the remainder when 380076 is divided by 189952?
172
Calculate the remainder when 114100 is divided by 1642.
802
What is the remainder when 374068419 is divided by 2260?
2259
What is the remainder when 119949 is divided by 695?
409
Calculate the remainder when 10435638 is divided by 1552.
1542
Calculate the remainder when 44073028 is divided by 11.
10
Calculate the remainder when 21188 is divided by 4737.
2240
Calculate the remainder when 185294 is divided by 2058.
74
Calculate the remainder when 12431766 is divided by 60.
6
Calculate the remainder when 748603 is divided by 24.
19
Calculate the remainder when 1473623 is divided by 87.
17
Calculate the remainder when 4263176 is divided by 852615.
101
What is the remainder when 27006 is divided by 23550?
3456
Calculate the remainder when 11551395 is divided by 6.
3
Calculate the remainder when 371486389 is divided by 1020567.
1
Calculate the remainder when 5831854 is divided by 373.
372
What is the remainder when 409407 is divided by 135982?
1461
Calculate the remainder when 28305058 is divided by 30567.
16
Calculate the remainder when 153593427 is divided by 3716.
3715
What is the remainder when 57174 is divided by 2318?
1542
What is the remainder when 77227501 is divided by 16?
13
What is the remainder when 130212 is divided by 7652?
128
Calculate the remainder when 212686 is divided by 453.
229
What is the remainder when 5906866 is divided by 2953433?
0
Calculate the remainder when 1333023 is divided by 36.
15
Calculate the remainder when 237261 is divided by 237246.
15
What is the remainder when 1005541 is divided by 1005527?
14
Calculate the remainder when 3645689 is divided by 114.
83
What is the remainder when 206141 is divided by 2008?
1325
Calculate the remainder when 3255845 is divided by 5040.
5
What is the remainder when 132451 is divided by 1075?
226
Calculate the remainder when 416745 is divided by 416744.
1
What is the remainder when 4381948 is divided by 156497?
32
What is the remainder when 545128474 is divided by 32?
26
What is the remainder when 13800412 is divided by 312?
28
What is the remainder when 7681 is divided by 109?
51
What is the remainder when 12499852 is divided by 4791?
133
What is the remainder when 194282818 is divided by 526?
510
What is the remainder when 771542 is divided by 124?
14
What is the remainder when 14710290 is divided by 14725?
15
Calculate the remainder when 43443 is divided by 8486.
1013
What is the remainder when 27685599 is divided by 629218?
7
Calculate the remainder when 7950127 is divided by 55.
42
Calculate the remainder when 87427042 is divided by 30.
22
Calculate the remainder when 1382293 is divided by 4670.
4643
What is the remainder when 2419438 is divided by 3102?
2980
Calculate the remainder when 10410760 is divided by 30002.
66
What is the remainder when 508683 is divided by 1746?
597
Calculate the remainder when 202211 is divided by 706.
295
What is the remainder when 120824222 is divided by 39?
38
What is the remainder when 8003986 is divided by 1000497?
10
What is the remainder when 455192 is divided by 2641?
940
Calculate the remainder when 4155932 is divided by 3257.
0
What is the remainder when 39799 is divided by 6627?
37
What is the remainder when 2604276 is divided by 361?
22
What is the remainder when 3973043 is divided by 77?
74
Calculate the remainder when 10971025 is divided by 51750.
25
Calculate the remainder when 61841250 is divided by 197.
192
Calculate the remainder when 276572158 is divided by 1920.
1918
What is the remainder when 43378497 is divided by 21689232?
33
What is the remainder when 23286860 is divided by 890?
10
What is the remainder when 423100638 is divided by 1482?
12
What is the r